{"id":4277,"date":"2025-10-27T18:01:54","date_gmt":"2025-10-27T18:01:54","guid":{"rendered":"https:\/\/georg-metzgerei.de\/?post_type=product&#038;p=4277"},"modified":"2025-10-28T10:27:57","modified_gmt":"2025-10-28T10:27:57","slug":"pfaelzer-saumagen-2","status":"publish","type":"product","link":"https:\/\/georg-metzgerei.de\/index.php\/produkt\/pfaelzer-saumagen-2\/","title":{"rendered":"Pf\u00e4lzer Saumagen"},"content":{"rendered":"","protected":false},"excerpt":{"rendered":"<p>(<span class=\"fmenge_preis\">2,30 \u20ac<\/span> \/ 100,00 g)<\/p>\n<p>dicke Scheibe, vakuumiert, ca. 0,140 kg<\/p>\n<p>unser w\u00fcrziger Saumagen im Naturdarm wird aus feinem Br\u00e4t mit Kartoffel- und Fleischst\u00fcckchen und feinen Kr\u00e4utern hergestellt.<br \/>\nZubereitung: Eine dicke Scheibe kurz von beiden Seiten anbraten. Dazu Kartoffelp\u00fcree und Sauerkraut oder im Sommer einen leichten Salat.<\/p>\n<hr \/>\n<p>N\u00e4hrwert\/ Brennwert: (kcal\/100g) 140<br \/>\nFettgehalt: 9,9%<br \/>\nFleischeiwei\u00df: 13.7%<br \/>\nAllergene: Senf, Senfmehl, Gluten aus Weizen<\/p>\n<hr \/>\n<p>Alle Angaben sind ca.-Angaben!<\/p>\n<p>&nbsp;<\/p>\n","protected":false},"featured_media":3703,"template":"","meta":[],"product_brand":[],"product_cat":[16],"product_tag":[],"class_list":{"0":"post-4277","1":"product","2":"type-product","3":"status-publish","4":"has-post-thumbnail","6":"product_cat-wurstwaren","8":"first","9":"instock","10":"taxable","11":"shipping-taxable","12":"purchasable","13":"product-type-simple"},"_links":{"self":[{"href":"https:\/\/georg-metzgerei.de\/index.php\/wp-json\/wp\/v2\/product\/4277","targetHints":{"allow":["GET"]}}],"collection":[{"href":"https:\/\/georg-metzgerei.de\/index.php\/wp-json\/wp\/v2\/product"}],"about":[{"href":"https:\/\/georg-metzgerei.de\/index.php\/wp-json\/wp\/v2\/types\/product"}],"wp:featuredmedia":[{"embeddable":true,"href":"https:\/\/georg-metzgerei.de\/index.php\/wp-json\/wp\/v2\/media\/3703"}],"wp:attachment":[{"href":"https:\/\/georg-metzgerei.de\/index.php\/wp-json\/wp\/v2\/media?parent=4277"}],"wp:term":[{"taxonomy":"product_brand","embeddable":true,"href":"https:\/\/georg-metzgerei.de\/index.php\/wp-json\/wp\/v2\/product_brand?post=4277"},{"taxonomy":"product_cat","embeddable":true,"href":"https:\/\/georg-metzgerei.de\/index.php\/wp-json\/wp\/v2\/product_cat?post=4277"},{"taxonomy":"product_tag","embeddable":true,"href":"https:\/\/georg-metzgerei.de\/index.php\/wp-json\/wp\/v2\/product_tag?post=4277"}],"curies":[{"name":"wp","href":"https:\/\/api.w.org\/{rel}","templated":true}]}}