{"id":4296,"date":"2025-10-27T18:33:01","date_gmt":"2025-10-27T18:33:01","guid":{"rendered":"https:\/\/georg-metzgerei.de\/?post_type=product&#038;p=4296"},"modified":"2025-11-04T07:19:37","modified_gmt":"2025-11-04T07:19:37","slug":"kaesewuerstchen-2-stueck","status":"publish","type":"product","link":"https:\/\/georg-metzgerei.de\/index.php\/produkt\/kaesewuerstchen-2-stueck\/","title":{"rendered":"K\u00e4sew\u00fcrstchen, 2 St\u00fcck"},"content":{"rendered":"","protected":false},"excerpt":{"rendered":"<p><span class=\"fmenge_preis\">1,97 \u20ac<\/span> \/ 100,00 g)<\/p>\n<p>2 St\u00fcck \u00e1 100g<\/p>\n<p>Rind- und Schweinefleisch mit K\u00e4se<\/p>\n<hr \/>\n<p>N\u00e4hrwert\/Brennwert:\u00a0 (kacal\/100g): \u2014\u2014<br \/>\nFettgehalt: \u2014\u2013<br \/>\nFleischeiwei\u00df: \u2014\u2013<br \/>\nAllergene: \u2014\u2014<\/p>\n<hr \/>\n<p>Alle Angaben sind ca.-Angaben!<\/p>\n<p>&nbsp;<\/p>\n","protected":false},"featured_media":4471,"template":"","meta":[],"product_brand":[],"product_cat":[16],"product_tag":[],"class_list":{"0":"post-4296","1":"product","2":"type-product","3":"status-publish","4":"has-post-thumbnail","6":"product_cat-wurstwaren","8":"first","9":"instock","10":"taxable","11":"shipping-taxable","12":"purchasable","13":"product-type-simple"},"_links":{"self":[{"href":"https:\/\/georg-metzgerei.de\/index.php\/wp-json\/wp\/v2\/product\/4296","targetHints":{"allow":["GET"]}}],"collection":[{"href":"https:\/\/georg-metzgerei.de\/index.php\/wp-json\/wp\/v2\/product"}],"about":[{"href":"https:\/\/georg-metzgerei.de\/index.php\/wp-json\/wp\/v2\/types\/product"}],"wp:featuredmedia":[{"embeddable":true,"href":"https:\/\/georg-metzgerei.de\/index.php\/wp-json\/wp\/v2\/media\/4471"}],"wp:attachment":[{"href":"https:\/\/georg-metzgerei.de\/index.php\/wp-json\/wp\/v2\/media?parent=4296"}],"wp:term":[{"taxonomy":"product_brand","embeddable":true,"href":"https:\/\/georg-metzgerei.de\/index.php\/wp-json\/wp\/v2\/product_brand?post=4296"},{"taxonomy":"product_cat","embeddable":true,"href":"https:\/\/georg-metzgerei.de\/index.php\/wp-json\/wp\/v2\/product_cat?post=4296"},{"taxonomy":"product_tag","embeddable":true,"href":"https:\/\/georg-metzgerei.de\/index.php\/wp-json\/wp\/v2\/product_tag?post=4296"}],"curies":[{"name":"wp","href":"https:\/\/api.w.org\/{rel}","templated":true}]}}